{"id":6,"date":"2016-05-17T18:58:12","date_gmt":"2016-05-17T17:58:12","guid":{"rendered":"https:\/\/www.demenagementslugnier.fr\/?page_id=6"},"modified":"2023-12-04T10:15:29","modified_gmt":"2023-12-04T09:15:29","slug":"demenageur","status":"publish","type":"page","link":"https:\/\/www.demenagementslugnier.fr\/","title":{"rendered":"D\u00e9m\u00e9nageur Lugnier \u00e0 Nice : demander un devis"},"content":{"rendered":"\n<p>Pour r\u00e9ussir un d\u00e9m\u00e9nagement, il est primordial de recevoir un devis de d\u00e9m\u00e9nagement. Celui-ci est offert gratuitement chez certaines agences de d\u00e9m\u00e9nagement.<\/p>\n\n\n\n<p>Il est \u00e0 savoir que r\u00e9aliser un <a href=\"https:\/\/www.demenageur.com\/devis-demenagement\/\">d\u00e9m\u00e9nagement<\/a> avec un d\u00e9m\u00e9nageur\u00a0n\u2019est jamais une t\u00e2che facile. Pourtant nombreux sont les facteurs qui entrainent le d\u00e9m\u00e9nagement d\u2019une personne ou d\u2019une famille enti\u00e8re. Que ce professionnel ou personnel, plusieurs personnes d\u00e9m\u00e9nage chaque jour. Il y a ceux qui sont oblig\u00e9s de quitter leur foyer actuel pour rejoindre une nouvelle pour pouvoir continuer leur travail. Ceci est d\u00fb par l\u2019obtention d\u2019une promotion ou une affectation directe. Ce d\u00e9placement peut \u00eatre dans la m\u00eame ville ou dans un autre pays, cela peut aussi \u00eatre le contraire, voire m\u00eame sur un autre continent. Il y a aussi ceux qui se trouvent dans la contrainte de trouver un nouveau domicile, car la famille vient juste de recevoir un nouveau-n\u00e9. De ce fait, l\u2019emplacement actuel ne peut plus englober la famille enti\u00e8re. Il leur faut un nouveau logement afin de combler ce manque d\u2019espace. Il se peut aussi que ces personnes soient expatri\u00e9es, celui-ci est l\u2019un des facteurs les plus courants du d\u00e9m\u00e9nagement \u00a0. Il y a aussi d\u2019un c\u00f4t\u00e9 les probl\u00e8mes personnels comme les conflits d\u2019id\u00e9es. \u00c0 cause d\u2019une confusion entre l\u2019entourage ou m\u00eame entre eux, la famille n\u2019a qu\u2019une option, chang\u00e9e d\u2019emplacement pour \u00e9viter toute forme de conflits. Mais, quelle qu\u2019en soit la cause du d\u00e9m\u00e9nagement, sa r\u00e9alisation doit \u00eatre pr\u00e9par\u00e9e aux mieux.<\/p>\n\n\n\n<h2 class=\"wp-block-heading\">Quelles sont les sortes du d\u00e9m\u00e9nagement<\/h2>\n\n\n\n<p>En tout, il existe 2 sortes de d\u00e9m\u00e9nagement, le premier est le d\u00e9m\u00e9nagement fait par les d\u00e9m\u00e9nageurs et le d\u00e9m\u00e9nagement fait par soi-m\u00eame. Dans ce dernier, c\u2019est la personne elle-m\u00eame qui s\u2019assure de toutes les t\u00e2ches d\u00e9m\u00e9nagement. Elle garantit la mise en cartons de d\u00e9m\u00e9nagement &nbsp;des affaires, l\u2019\u00e9vacuation de ces affaires dans le camion de d\u00e9m\u00e9nagement, la conduite de la voiture puis le d\u00e9ballage des cartons de d\u00e9m\u00e9nagements. Elle doit aussi r\u00e9installer tous les mat\u00e9riels qui ont \u00e9t\u00e9 d\u00e9branch\u00e9s comme des appareils \u00e9lectrom\u00e9nagers, etc. par contre, cette personne peut \u00e9galement faire appel aux services des d\u00e9m\u00e9nageurs. Contrairement aux travaux effectu\u00e9s tout seuls, la personne ne s\u2019occupe que de tr\u00e8s peu de t\u00e2ches. Elle de s\u2019occupe que de la d\u00e9sinstallation est et le regroupement des biens \u00e0 d\u00e9m\u00e9nager. La suite, ce sont les d\u00e9m\u00e9nageurs qui s\u2019en chargent. Une fois que les biens sont parfaitement organis\u00e9s, ils prennent la peine de les emball\u00e9 dans des cartons de d\u00e9m\u00e9nagement et les sorts vers le v\u00e9hicule de d\u00e9m\u00e9nagement. Ensuite, ils conduisent ces cartons vers la future maison. Les d\u00e9m\u00e9nageurs d\u00e9charge ensuite les cartons une fois l\u00e0-bas et ils vous accompagnent dans le d\u00e9ballage et la r\u00e9installation de tous les biens qui ont en besoin. Il est \u00e0 remarquer que toutes les proc\u00e9dures effectu\u00e9es par les d\u00e9m\u00e9nageurs sont toujours accompagn\u00e9es de d\u00e9licatesse et de douceur afin d\u2019\u00e9viter toute forme de d\u00e9gradation, d\u2019accident qui pourrait surgir durant le d\u00e9m\u00e9nagement. Nous pouvons en conclure que le d\u00e9m\u00e9nagement effectuer par les d\u00e9m\u00e9nageurs sont excessivement les plus efficace que celle faite par sois m\u00eame. De plus, toutes les actions r\u00e9alis\u00e9es par ces d\u00e9m\u00e9nageurs sont accompagn\u00e9es de s\u00e9curit\u00e9, cela offre une petite assurance \u00e0 la client\u00e8le.<\/p>\n\n\n\n<h2 class=\"wp-block-heading\">Quelques id\u00e9es pour bien effectuer son d\u00e9m\u00e9nagement.<\/h2>\n\n\n\n<p>Comme ce qui \u00e9tait dit derni\u00e8rement, il est pratiquement utile de bien organiser son d\u00e9m\u00e9nagement. Il est donc particuli\u00e8rement judicieux de bien choisir la date de la r\u00e9alisation de ce dernier. Les dates \u00e0 \u00e9viter sont les jours festifs comme la semaine des jours de No\u00ebl, du 14 juillet, ou pendant la fin des colonies de vacances. Durant ces p\u00e9riodes, la circulation est compl\u00e8tement bouch\u00e9e, cela aura des cons\u00e9quences au d\u00e9m\u00e9nagement en cours. Il faut aussi utile de faire le bilan de toutes les affaires \u00e0 d\u00e9m\u00e9nager, cela va permettre d\u2019\u00e9viter toute forme de confusion avec l\u2019agence. Ce bilan se fait par leur r\u00e9f\u00e9rencement et de petites marques qui indiquent ce qu\u2019il y a \u00e0 l\u2019int\u00e9rieur du carton. Dans le cas o\u00f9 la personne a fait appel \u00e0 des d\u00e9m\u00e9nageurs, il faut qu\u2019elle fasse une petite visite chez nombreuse afin de pouvoir effectuer des comparaisons pour d\u00e9terminer quelles offres est mieux adapt\u00e9 \u00e0 la situation pr\u00e9sente. Une fois que le choix est fait, le client doit exiger de la part de ce d\u00e9m\u00e9nageur, le devis de d\u00e9m\u00e9nagement dans lequel doit \u00eatre inscrits tarif et cout horaire des services offert par le d\u00e9m\u00e9nageur.<\/p>\n","protected":false},"excerpt":{"rendered":"<p>Pour r\u00e9ussir un d\u00e9m\u00e9nagement, il est primordial de recevoir un devis de d\u00e9m\u00e9nagement. Celui-ci est offert gratuitement chez certaines agences de d\u00e9m\u00e9nagement. Il est \u00e0 savoir que r\u00e9aliser un d\u00e9m\u00e9nagement avec un d\u00e9m\u00e9nageur\u00a0n\u2019est jamais une t\u00e2che facile. Pourtant nombreux sont les facteurs qui entrainent le d\u00e9m\u00e9nagement d\u2019une personne ou d\u2019une famille enti\u00e8re. Que ce professionnel &hellip; <a href=\"https:\/\/www.demenagementslugnier.fr\/\" class=\"more-link\">Continuer la lecture de <span class=\"screen-reader-text\">D\u00e9m\u00e9nageur Lugnier \u00e0 Nice : demander un devis<\/span> <span class=\"meta-nav\">&rarr;<\/span><\/a><\/p>\n","protected":false},"author":1,"featured_media":0,"parent":0,"menu_order":0,"comment_status":"closed","ping_status":"closed","template":"","meta":{"_seopress_robots_primary_cat":"","_seopress_titles_title":"","_seopress_titles_desc":"","_seopress_robots_index":"","footnotes":""},"class_list":["post-6","page","type-page","status-publish","hentry"],"_links":{"self":[{"href":"https:\/\/www.demenagementslugnier.fr\/index.php\/wp-json\/wp\/v2\/pages\/6","targetHints":{"allow":["GET"]}}],"collection":[{"href":"https:\/\/www.demenagementslugnier.fr\/index.php\/wp-json\/wp\/v2\/pages"}],"about":[{"href":"https:\/\/www.demenagementslugnier.fr\/index.php\/wp-json\/wp\/v2\/types\/page"}],"author":[{"embeddable":true,"href":"https:\/\/www.demenagementslugnier.fr\/index.php\/wp-json\/wp\/v2\/users\/1"}],"replies":[{"embeddable":true,"href":"https:\/\/www.demenagementslugnier.fr\/index.php\/wp-json\/wp\/v2\/comments?post=6"}],"version-history":[{"count":7,"href":"https:\/\/www.demenagementslugnier.fr\/index.php\/wp-json\/wp\/v2\/pages\/6\/revisions"}],"predecessor-version":[{"id":18,"href":"https:\/\/www.demenagementslugnier.fr\/index.php\/wp-json\/wp\/v2\/pages\/6\/revisions\/18"}],"wp:attachment":[{"href":"https:\/\/www.demenagementslugnier.fr\/index.php\/wp-json\/wp\/v2\/media?parent=6"}],"curies":[{"name":"wp","href":"https:\/\/api.w.org\/{rel}","templated":true}]}}